. Calculate u(-7).
9
Let s(p) be the first derivative of p - 1/4*p**4 - 4/3*p**3 + 2*p**2 - 119. Give s(-4).
-15
Let j(m) = m**3 - 2*m**2 - m - 1. Suppose 13 = -4*c + 4*q + 21, 0 = 5*q. Calculate j(c).
-3
Suppose 4 = -2*b + 5*n, 4*b + 22*n = 21*n + 14. Let k(d) = -2 - 12647*d**2 + 5 + 12645*d**2 + b*d. Let z = -1 + 4. What is k(z)?
-6
Let t(o) = 4*o**2 + 2*o - 1. Suppose 16 = -n + 2*y, 0 = -n - 0*n - y - 1. Suppose -3*d = 5*a + 44, 0 = -a - 6 + 2. Let f be (d/n)/((-2)/3). Determine t(f).
11
Let m(l) = l + 12. Let z be ((-28)/(-3))/(20/30). Suppose -5*c + z = -4*k - 5, -4*k + 4*c - 20 = 0. Determine m(k).
6
Let u = -9 - -11. Let a(r) = 0 + 0 - 59*r + 66*r + u. Calculate a(-4).
-26
Let m(r) be the second derivative of -r**5/20 - 3*r**4/4 - 5*r**3/6 - 17*r**2/2 + 3851*r. Give m(-9).
28
Let m(p) = -p**3 + 19*p**2 + 43*p - 22. Let s be m(21). Let f(j) = 32*j + 19. Let k(g) = 17*g + 11. Let h(l) = 4*f(l) - 7*k(l). Calculate h(s).
-10
Let n(j) = j**2 + j + 19. Let r = 37512 + -37523. Calculate n(r).
129
Let n(g) be the first derivative of -g**6/360 - g**5/120 - 5*g**4/12 - 55*g**3/3 - 25. Let q(b) be the third derivative of n(b). Give q(0).
-10
Let y be -5*(-2)/(4 - 2). Suppose -5*l - 11 = -5*z + 7*z, 2*z - 3*l = 13. Let h(m) = -m + 3*m - 2 + z*m. What is h(y)?
18
Let z(g) = -3*g - 85. Let r be ((1 - (-2 + 3))/(-3))/(29/29). What is z(r)?
-85
Let b(s) = -s**2 + 23 - 2*s - 54 + 28. Suppose -3*t - 24 = 4*u, -2*u - 17 = 5*t + 9. Determine b(u).
-6
Let j(c) = c**3 - 11*c**2 - 5*c + 11. Let y be j(11). Let q = y + 47. Let t(b) = -b. Let p(i) = i**2 - i + 1. Let g(s) = -p(s) - t(s). Give g(q).
-4
Let w(x) = 3*x**3 + 7*x**2 - 16*x + 24. Let g(s) = -s**3 - 4*s**2 + 7*s. Let z(u) = 2*g(u) + w(u). What is z(0)?
24
Suppose -16 - 9 = 5*w. Let a be 28/10 + w/(-25). Let g(d) be the first derivative of -2*d**2 + 3*d - 1885. Determine g(a).
-9
Let r(q) = 5*q**2 - 163993 + 327963 - 164001 + 8*q - 2*q**3. Give r(5).
-116
Let k(h) be the second derivative of -h**5/20 + 11*h**4/12 - 9*h**3/2 - 5*h**2/2 - 6138*h. What is k(7)?
2
Let v = 5795 - 5799. Let x(h) = h**2 + 3*h - 9. Determine x(v).
-5
Let l(x) = 3*x - 25. Let d be l(9). Let s(b) = -b**2 - 7*b - b**2 + 6 + b**d. Give s(-9).
-12
Let g(v) be the second derivative of 0*v**3 - v**2 - 20 + 1/4*v**4 + 3/20*v**5 - 4*v. Calculate g(-2).
-14
Let p(f) = -f**3 - 3*f**2 - 4*f - 2. Let y(z) = z**3 - 7*z**2 - 21*z + 104. Let i be y(8). Let h be (-8)/(-2) - i - 7. What is p(h)?
10
Let p(v) = -39*v**2 - 163*v - 21. Let j be p(-4). Let m(t) be the third derivative of t**5/60 - 7*t**4/24 + t**3/3 - t**2. Give m(j).
2
Let d(v) = 4*v. Suppose 35*p = 99*p - 320. Calculate d(p).
20
Let j(r) = -r**3 + 21*r**2 - 2*r + 8. Let z(u) = -3*u**3 + 58*u**2 - 4*u + 24. Let k(y) = 8*j(y) - 3*z(y). Determine k(6).
-32
Let j(c) = 2*c**2 + 16*c + 3. Let t = 478 + -486. Give j(t).
3
Let i(t) = t. Suppose -5*y = -2*y - 120. Let g(r) = -8*r + 41. Let j be g(4). Suppose -j*x = -y - 14. What is i(x)?
6
Let k be (-608)/(-144) - 6/27. Let i be 24/k + -9 + -1. Let x(c) = -c**2 - 8*c - 2. Give x(i).
14
Let m(v) = -6*v + 1. Let b = 116 + -98. Suppose 0 = 4*l - 4*p - 16, -4 - 2 = 2*l + 5*p. Suppose l*r + x = -3*x - b, -3*x = 5*r + 17. Determine m(r).
7
Suppose 9*q - 3*q = 1014. Let w = -162 + q. Let h(l) = -l**3 + 8*l**2 - 3*l - 5. Calculate h(w).
23
Let j(m) = 32*m**2 + 813964 - 2*m - 2*m - 813981 + 5*m. What is j(0)?
-17
Let u(p) = 4*p**3 - 28*p**2 - 10*p - 56. Let m(t) = -3*t**3 + 26*t**2 + 12*t + 56. Let g(h) = 5*m(h) + 4*u(h). Calculate g(-17).
5
Let w(m) = m + 2. Suppose -9 + 9 = 2*f + 10. What is w(f)?
-3
Let j(z) = -z**2 + z - 29*z**3 - 3 - 2 + 30*z**3. Let i = 760 - 760. What is j(i)?
-5
Let n(f) = -14*f**3 - 21*f**2 + 10*f - 15. Let w(d) = 3*d**3 + d**2 - 2*d - 1. Let z(c) = n(c) + 5*w(c). Determine z(16).
-20
Let g(w) = 5*w + 6. Let i(j) be the third derivative of -j**6/120 + j**5/60 + j**4/12 + 49*j**3/3 + 24*j**2. Let f be i(0). Let a = f + -102. Give g(a).
-14
Let c(u) = 2*u + 3. Suppose 0 = 20*o - 23*o + 54. Suppose 2*z = 2*q + o, -6*z + 16 = -2*z. Calculate c(q).
-7
Let b be (-2*2)/((-6)/(-48)). Let v = b + 38. Let c(a) = -v*a + 1 - 4*a - 3*a + 11*a. Give c(-3).
7
Suppose -219*t + 4*t = 313 - 98. Let j be -3*(-2)/3*1. Let b(s) = 2*s**2 - 2*s**j + 3*s**2 + 1. What is b(t)?
4
Let h be 3*(4/3 + -2). Let c(d) = -22*d - 87. Let i be c(-9). Let t(o) = -31*o - 35*o + i*o + 2 - 35*o. Determine t(h).
-18
Let o(w) = w**3 + 8*w**2 + 12*w + 10. Let t be o(-7). Let u = t - -25. Let x(i) = 1 + 13*i + u*i - 9*i. Calculate x(-2).
-7
Let r(i) = -i**3 - 17*i**2 + 20*i + 38. Let q be r(-18). Let d(p) be the first derivative of -40 + 9*p**q - 12*p**2 + 0*p**2. Determine d(1).
-6
Suppose 42 = 7*p + 21. Suppose 5*g - z = -0*z + 615, -369 = -3*g - 2*z. Let c(q) = 123 - g - p*q. Calculate c(-2).
6
Let j(l) = -2*l**3 + 13*l**2 - 20*l - 38. Let v = -111 - -108. Let w(p) = -p**3 + 13*p**2 - 19*p - 37. Let h(m) = v*w(m) + 2*j(m). Give h(-14).
-7
Suppose 5*d = 5*d + 5*d. Let p(w) = d - 7*w - 8 - 2*w - w**2 + 0*w. Let h = -21 + 14. What is p(h)?
6
Let c(t) = t**2 - 11*t - 33. Let q be c(14). Suppose 7*k - 9 = -q. Let z(p) = 6 - p - 8 + k. What is z(-1)?
-1
Let k(d) be the second derivative of -d**5/20 - 5*d**4/12 + 2*d**3/3 - 3*d**2 - 2*d. Let h be ((-2)/(-6))/((-11)/165). Calculate k(h).
-26
Let i be (-6)/8 - 21/(-12). Let t(a) be the third derivative of 3*a**5/10 + a**4/12 - a**3/6 - 10*a**2 - 30. Give t(i).
19
Let x(h) = -h**3 - 12*h**2 - 6*h + 10. Let z be x(-9). Let s = z - -184. Let w(n) = -2*n**2 + 6*n + 2. Calculate w(s).
-18
Let q(u) be the first derivative of -8*u**3/3 + u - 3. Suppose 0 = -9*b + 25 - 7. Let z be (b + 3/(-2))/((-6)/12). Determine q(z).
-7
Let t(w) = w**3 + w + 1. Let n(d) = d**3 - d**2 + 6*d + 6. Suppose -3*y - 15 = -3*o, 5*o + 5 = -3*y - 2. Let v(h) = o*n(h) - 2*t(h). Calculate v(-3).
10
Let i(b) = -10*b - 16. Let u(w) = 5 - 2*w + 0*w + 5*w. Suppose 105 = 5996*l - 5981*l. Let c(h) = l*u(h) + 2*i(h). Determine c(-2).
1
Let v(w) = w**3 - 7*w**2 - 8. Suppose -i - 3*b - 89 = 3*i, -3 = b. Let l be 468/i*(-10)/3. Let r = -71 + l. What is v(r)?
-8
Let n(d) = -90*d**2 - 82*d**2 + 30*d - 2*d - d**3 + 20 + 179*d**2. Calculate n(10).
0
Suppose 5*a + 4*o = -23, -3*a + 10 = -o + 34. Let q(w) = 6*w + 42. Calculate q(a).
0
Let n(d) = -25*d**2 + 35*d - 14. Let q(r) = 43*r**2 - 61*r + 27. Let l(t) = 5*n(t) + 3*q(t). Determine l(6).
107
Let p(f) be the third derivative of f**4/3 - 60*f**3 - 9523*f**2. Determine p(46).
8
Let y(t) be the third derivative of -7*t**5/60 - t**4/24 + t**3/6 + 3*t**2. Let l = 806 + -805. What is y(l)?
-7
Let f(r) be the first derivative of 3*r**2 + 7*r + 4147. Calculate f(-3).
-11
Let f(m) be the second derivative of -m**4/6 + 4*m**3/3 + 4*m**2 + 981*m. Determine f(-1).
-2
Let b = 89 + -93. Let r(s) = 37*s - 27. Let o(g) = 17*g - 13. Let u(z) = -13*o(z) + 6*r(z). Calculate u(b).
3
Let s be (-42)/(-49)*-7 - -17. Let q(m) = -3*m + 31. Determine q(s).
-2
Let a(q) = q**3 + 11*q**2 + 18*q + 1. Suppose 0 = -21*g + 77 - 213 - 53. Determine a(g).
1
Suppose -x = -1 - 1. Let n(r) be the first derivative of -1/3*r**3 + r**2 - 3*r - 5. What is n(x)?
-3
Let i(n) be the first derivative of -4*n**2 - 1/6*n**3 - 11*n - 22 - 1/12*n**4. Let v(c) be the first derivative of i(c). What is v(0)?
-8
Let t = -1276 - -1278. Let v(y) be the second derivative of 1/10*y**5 + 0 + 1/12*y**4 + 1/2*y**3 + 1/2*y**t - y. Give v(-2).
-17
Let j(z) = 3 + 1 - 8*z + 21*z - 14*z. Let o(y) = 2*y - 8. Let m(d) = -5*j(d) - 3*o(d). Let s(w) = -w + 5. Let h(l) = -6*m(l) + 5*s(l). Calculate h(-2).
-1
Let i be (10/5)/(22/(-99)*(-9)/(-6)). Let d(y) = -y**3 - 6*y**2 - 2*y + 24. Calculate d(i).
36
Let x(g) = -g**3 - 6*g**2 - 7*g - 4. Let m = -47 - -59. Suppose 0 = -4*d - 4*a - 0*a - m, -d - 1 = 3*a. Give x(d).
-8
Let k(r) = 220*r**3 - 416*r**3 + 1 - 5*r**2 + 195*r**3 - 5*r + 15*r**2. Give k(10).
-49
Let g = 43 - 41. Let a(w) = 9*w - 2 - 1 - g - 4*w. Let v(o) = -1. Let t(y) = a(y) - 5*v(y). Give t(1).
5
Let z(p) = -p**2 + 5*p + 14. Let w be z(5). Let y(d) = 6 - d - w + 11. Calculate y(5).
-2
Let m(f) = -7*f + 198. Let d(j) = -4*j + 119. Let x(c) = -5*d(c) + 3*m(c). Suppose 5*q + 4 = 3*g, 4*g - 10 = -0*q + 2*q. What is x(q)?
-2
Let h(k) = k - 26. Let j(z) be the second derivative o